base 5, what is 13 + 141?
204
In base 16, what is 5 + 3d?
42
In base 12, what is 0 - a3?
-a3
In base 8, what is -171 + -2?
-173
In base 2, what is -10 + -1011110010110?
-1011110011000
In base 3, what is 111202 - 12?
111120
In base 15, what is -1 - 7ce?
-7d0
In base 16, what is 2c - -f?
3b
In base 3, what is -100021 + 20?
-100001
In base 8, what is 536 + 0?
536
In base 8, what is 3 + -1324?
-1321
In base 3, what is 202021 + 10?
202101
In base 4, what is 1013 + 11?
1030
In base 3, what is -210 - 102?
-1012
In base 13, what is 9 + -2?
7
In base 15, what is -12 + -9?
-1b
In base 4, what is 31213 + 32?
31311
In base 16, what is -3e + 2?
-3c
In base 13, what is -5 + 10?
8
In base 16, what is 1 + -93?
-92
In base 13, what is 50 - -28?
78
In base 13, what is 447 - 1?
446
In base 10, what is -484 - -2?
-482
In base 6, what is 4 - 22532?
-22524
In base 3, what is 101 + 102201?
110002
In base 13, what is 47 + 241?
288
In base 12, what is -17 - 58?
-73
In base 13, what is 0 - 222?
-222
In base 14, what is -30 - 6c?
-9c
In base 8, what is -2 + 37?
35
In base 3, what is 11 - 22012?
-22001
In base 8, what is 0 + -7166?
-7166
In base 3, what is -12120 - 10?
-12200
In base 10, what is 8 + 1010?
1018
In base 2, what is 1111 - -110000101?
110010100
In base 3, what is 12 - 2121?
-2102
In base 14, what is -3 - 1b?
-20
In base 4, what is -12 - -113231?
113213
In base 16, what is 6c7 - -5?
6cc
In base 11, what is 146 + -7?
13a
In base 5, what is 1 + 1021?
1022
In base 3, what is -2120 - -102?
-2011
In base 2, what is 1110000101 + 100?
1110001001
In base 3, what is -21 + 212?
121
In base 11, what is -7 - 13?
-1a
In base 6, what is -4 - -33?
25
In base 9, what is 205 + -5?
200
In base 2, what is 10 - 110000100?
-110000010
In base 2, what is 1010000010 - 101?
1001111101
In base 2, what is 1011011001 - 101?
1011010100
In base 11, what is -11 + -67?
-78
In base 15, what is 3d3 + -5?
3cd
In base 8, what is -3035 - -6?
-3027
In base 13, what is 100 + -42?
8b
In base 4, what is -2 + -31312?
-31320
In base 3, what is 201220 + 10?
202000
In base 15, what is 820 + -5?
81a
In base 5, what is -1 + -43?
-44
In base 10, what is -20 - -88?
68
In base 10, what is -80 - 8?
-88
In base 4, what is 13 - -1333?
2012
In base 15, what is 2 + -2a?
-28
In base 15, what is 64 + 3?
67
In base 10, what is -1941 + -7?
-1948
In base 5, what is 33004 - -2?
33011
In base 13, what is -5 - 8c?
-94
In base 5, what is -2 + -1304?
-1311
In base 12, what is -130 + b?
-121
In base 12, what is 1387 - -5?
1390
In base 15, what is 14 + 27?
3b
In base 6, what is -222 + -4?
-230
In base 12, what is -407 - 3?
-40a
In base 15, what is b0 + -21?
8e
In base 3, what is 1112 + -12?
1100
In base 2, what is 10101100 - 1011?
10100001
In base 9, what is 374 - -1?
375
In base 15, what is -135 - 0?
-135
In base 10, what is -1 - -30?
29
In base 11, what is -10 + 29?
19
In base 6, what is -5 + -152?
-201
In base 4, what is -22 - 11102?
-11130
In base 8, what is 561 - -1?
562
In base 9, what is -574 + 7?
-566
In base 11, what is 1 + -6?
-5
In base 14, what is 4d - 1?
4c
In base 2, what is 1110100 - -101?
1111001
In base 16, what is -42 - -1?
-41
In base 8, what is 67 - -31?
120
In base 6, what is -3 + -132?
-135
In base 6, what is 20 - -30?
50
In base 12, what is -3a4 + -6?
-3aa
In base 16, what is -4 - f9e?
-fa2
In base 2, what is 101100 - 10000111?
-1011011
In base 15, what is 181 - 4?
17c
In base 6, what is -4 - 203?
-211
In base 12, what is -4 + 2?
-2
In base 7, what is 10212 - -5?
10220
In base 6, what is 1145 - 3?
1142
In base 5, what is -2 - -112?
110
In base 6, what is 51423 + 2?
51425
In base 2, what is 110110011 - -101?
110111000
In base 4, what is 10 - -1103?
1113
In base 12, what is 1b - -16?
35
In base 15, what is -59 + -8a?
-e4
In base 3, what is 10 - 10112201?
-10112121
In base 3, what is -21 - 1102?
-1200
In base 4, what is -3233 + 101?
-3132
In base 10, what is -97 + -4?
-101
In base 2, what is 11010011010 - 1?
11010011001
In base 2, what is 0 + 100010010?
100010010
In base 16, what is f - d?
2
In base 7, what is 36 - 4?
32
In base 7, what is 231 - 2?
226
In base 15, what is -5 - -d1?
cb
In base 8, what is 7 + -1?
6
In base 12, what is 693 - -4?
697
In base 15, what is -1 + -19e2?
-19e3
In base 10, what is 237 + -1?
236
In base 6, what is -114 + -3?
-121
In base 11, what is -18 + 9?
-a
In base 10, what is 3 - 61?
-58
In base 7, what is 3522 + -26?
3463
In base 4, what is -1211 + -2013?
-3230
In base 3, what is -11 - 122?
-210
In base 13, what is 13 + -127?
-114
In base 16, what is -13 - -6?
-d
In base 2, what is 1001101 - -101?
1010010
In base 3, what is -1121 + 100?
-1021
In base 6, what is -2 - 101?
-103
In base 2, what is -1101110 - -100?
-1101010
In base 9, what is 3 - 240?
-236
In base 16, what is -17c + -3?
-17f
In base 3, what is 200 + 11?
211
In base 11, what is 0 - 6660?
-6660
In base 15, what is 1732 + -5?
172c
In base 4, what is -130 + -13220?
-20010
In base 14, what is -1 - 498?
-499
In base 9, what is -2532 - 5?
-2537
In base 11, what is 12 + 6?
18
In base 12, what is -1 + -274?
-275
In base 12, what is 66 + 3?
69
In base 16, what is -11 - 1?
-12
In base 6, what is 1 - -50?
51
In base 13, what is 358 - -8?
363
In base 7, what is -1021 + -3?
-1024
In base 13, what is -4 - -58a?
586
In base 11, what is 0 - -a?
a
In base 10, what is -56 - -19?
-37
In base 12, what is 89 - -89?
156
In base 4, what is 1 - -100?
101
In base 12, what is 0 - -2b8?
2b8
In base 9, what is -835 + -17?
-853
In base 3, what is 10220 - 202?
10011
In base 5, what is 11012 - 0?
11012
In base 13, what is -26 + -aa?
-103
In base 3, what is -20 + 10221211?
10221121
In base 4, what is -231130 + -11?
-231201
In base 2, what is 1011100000 + 0?
1011100000
In base 6, what is -1 - -15?
14
In base 16, what is c + -28?
-1c
In base 11, what is -9 - -109?
100
In base 10, what is -5 + 402?
397
In base 11, what is -242 - 9?
-250
In base 11, what is -3 + -1?
-4
In base 2, what is -10 - 110101?
-110111
In base 9, what is 256 + 4?
261
In base 14, what is -95 - -3?
-92
In base 16, what is -1f + -5?
-24
In base 9, what is 78 + 4?
83
In base 5, what is -1101 - -13?
-1033
In base 9, what is 4 - -55?
60
In base 10, what is -39 + 226?
187
In base 5, what is -102 + -30?
-132
In base 5, what is 1 + 342?
343
In base 9, what is 807 + 0?
807
In base 6, what is -2123 - 3?
-2130
In base 2, what is -1111000010001110 + 11?
-1111000010001011
In base 8, what is -236 - 4?
-242
In base 10, what is -12 - 14?
-26
In base 5, what is -3 + 2314?
2311
In base 15, what is 4 - -b5b?
b60
In base 15, what is -21 - 45?
-66
In base 16, what is 3 + -52?
-4f
In base 12, what is -33 + -2?
-35
In base 10, what is -17 - 11?
-28
In base 15, what is 14 - 7?
c
In base 12, what is 3 + 4065?
4068
In base 5, what is 4201 - -2?
4203
In base 12, what is -278 - 4?
-280
In base 13, what is 5 + -17c?
-177
In base 6, what is -1 + -234?
-235
In base 5, what is -131 - -34?
-42
In base 7, what is 2 + -1633?
-1631
In base 12, what is -1 + -25a?
-25b
In base 8, what is -14 - 313?
-327
In base 8, what is -2 + -25?
-27
In base 10, what is -4 - 1597?
-1601
In base 7, what is 26 + -4?
22
In base 8, what is -7 - 45?
-54
In base 6, what is 104 + 151?
255
In base 3, what is -10 - -11222120?
11222110
In base 5, what is 1210 - -114?
1324
In base 10, what is -1880 - -1?
-1879
In base 2, what is 1000 + -11101010000?
-11101001000
In base 12, what is -3a12 + -5?
-3a17
In base 4, what is -1112 + 12?
-1100
In base 8, what is 0 + 330?
330
In base 5, what is 1111 - 0?
1111
In base 3, what is 1 + -121220?
-121212
In base 7, what is 45650 + 2?
45652
In base 11, what is 18a - 2?
188
In base 6, what is -2 + 3351?
3345
In base 8, what is 3 + -113?
-110
In base 10, what is 5 - 349?
-344
In base 2, what is 101 - 1000010?
-111101
In base 7, what is -15 - -1421?
1403
In base 11, what is 5 + -541?
-537
In base 8, what is 42 + -35?
5
In base 3, what is 12 + -1212?
-1200
In base 14, what is -138 + 1a?
-11c
In base 10, what is -5 + -254?
-259
In base 9, what is 1 - 13?
-12
In base 3, what is -1210 + 1012?
-121
In base 14, what is 0 - 10?
-10
In base 13, what is -40 + -2?
-42
In base 9, what is 6 - 73?
-66
In base 5, what is -120121 - -4?
-120112
In base 10, what is 4 + 282?
286
In base 12, what is -13a - -1?
-139
In base 